{"id":2312,"date":"2021-03-10T00:35:17","date_gmt":"2021-03-10T00:35:17","guid":{"rendered":"https:\/\/thicongchongset.com.vn\/?post_type=product&#038;p=2312"},"modified":"2024-05-08T02:42:49","modified_gmt":"2024-05-08T02:42:49","slug":"kim-thu-set-patheon-tho-nhi-ky","status":"publish","type":"product","link":"https:\/\/vattuchongset.vn\/?product=kim-thu-set-patheon-tho-nhi-ky","title":{"rendered":"Kim thu s\u00e9t Patheon &#8211; Th\u1ed5 Nh\u0129 K\u1ef3"},"content":{"rendered":"<p>KIM THU S\u00c9T HI\u1ec6N \u0110\u1ea0I PANTHEON &#8211; TH\u1ed4 NH\u0128 K\u1ef2<\/p>\n<p><img loading=\"lazy\" decoding=\"async\" class=\"alignnone size-medium wp-image-2313\" src=\"https:\/\/thicongchongset.com.vn\/wp-content\/uploads\/2021\/03\/unnamed-11-359x400.jpg\" alt=\"\" width=\"359\" height=\"400\" srcset=\"https:\/\/vattuchongset.vn\/wp-content\/uploads\/2021\/03\/unnamed-11-359x400.jpg 359w, https:\/\/vattuchongset.vn\/wp-content\/uploads\/2021\/03\/unnamed-11.jpg 363w\" sizes=\"(max-width: 359px) 100vw, 359px\" \/><\/p>\n<p>Pantheon l\u00e0 h\u00e3ng s\u1ea3n xu\u1ea5t thi\u1ebft b\u1ecb kim thu s\u00e9t hi\u1ec7n \u0111\u1ea1i uy t\u00edn \u0111\u1ebfn t\u1eeb Th\u1ed5 Nh\u0129 K\u1ef3, v\u1edbi ti\u00eau ch\u00ed s\u1ea3n ph\u1ea9m \u0111em \u0111\u1ebfn ch\u1ea5t l\u01b0\u1ee3ng t\u1ed1t v\u00e0 gi\u00e1 th\u00e0nh c\u1ea1nh tranh nh\u1ea5t \u0111\u1ebfn v\u1edbi kh\u00e1ch h\u00e0ng, Pantheon t\u1eebng ng\u00e0y kh\u1eb3ng \u0111\u1ecbnh v\u1ecb tr\u00ed c\u1ee7a m\u00ecnh tr\u00ean th\u1ecb tr\u01b0\u1eddng .<\/p>\n<p>V\u1edbi b\u00e1n k\u00ednh b\u1ea3o v\u1ec7 \u0111a d\u1ea1ng, t\u1eeb 63m &#8211; 151m, kim ch\u1ed1ng s\u00e9t ch\u1ee7 \u0111\u1ed9ng Patheon c\u00f3 th\u1ec3 \u00e1p d\u1ee5ng l\u1eafp \u0111\u1eb7t ch\u1ed1ng s\u00e9t cho m\u1ecdi lo\u1ea1i c\u00f4ng tr\u00ecnh<\/p>\n<p>C\u00e1c Model Kim thu s\u00e9t v\u1edbi b\u00e1n k\u00ednh b\u1ea3o v\u1ec7 t\u01b0\u01a1ng \u1ee9ng nh\u01b0 sau :<\/p>\n<p>Kim thu s\u00e9t ch\u1ee7 \u0111\u1ed9ng Pantheon CX020 &#8211; b\u00e1n k\u00ednh b\u1ea3o v\u1ec7 an to\u00e0n C\u00e2p IV Rp = 58m<\/p>\n<p>Kim thu s\u00e9t ch\u1ee7 \u0111\u1ed9ng Pantheon CX040 &#8211; b\u00e1n k\u00ednh b\u1ea3o v\u1ec7 an to\u00e0n C\u00e2p IV Rp = 63m<\/p>\n<p>Kim thu s\u00e9t ch\u1ee7 \u0111\u1ed9ng Pantheon CX070 &#8211; b\u00e1n k\u00ednh b\u1ea3o v\u1ec7 an to\u00e0n C\u00e2p IV Rp = 72m<\/p>\n<p>Kim thu s\u00e9t ch\u1ee7 \u0111\u1ed9ng Pantheon BX125 &#8211; b\u00e1n k\u00ednh b\u1ea3o v\u1ec7 an to\u00e0n C\u00e2p IV Rp = 84m<\/p>\n<p>Kim thu s\u00e9t ch\u1ee7 \u0111\u1ed9ng Pantheon BX175 &#8211; b\u00e1n k\u00ednh b\u1ea3o v\u1ec7 an to\u00e0n C\u00e2p IV Rp = 111m<\/p>\n<p>Kim thu s\u00e9t ch\u1ee7 \u0111\u1ed9ng Pantheon AX210 &#8211; b\u00e1n k\u00ednh b\u1ea3o v\u1ec7 an to\u00e0n C\u00e2p IV Rp = 131m<\/p>\n<p>Kim thu s\u00e9t ch\u1ee7 \u0111\u1ed9ng Pantheon DX250 &#8211; b\u00e1n k\u00ednh b\u1ea3o v\u1ec7 an to\u00e0n C\u00e2p IV Rp = 151m<\/p>\n","protected":false},"excerpt":{"rendered":"<p>KIM THU S\u00c9T HI\u1ec6N \u0110\u1ea0I PANTHEON &#8211; TH\u1ed4 NH\u0128 K\u1ef2<\/p>\n<p><strong>Hotline:\u00a0<\/strong>0353.577.766<br \/>\n<strong>Email:<\/strong>\u00a0vnmax2@gmail.com<br \/>\n<strong>Website:<\/strong>\u00a0thicongchongset.com.vn<\/p>\n","protected":false},"featured_media":2313,"comment_status":"open","ping_status":"closed","template":"","meta":[],"product_cat":[82,196],"product_tag":[180,168,175,171,179,141,198,176,173,177,178,174],"_links":{"self":[{"href":"https:\/\/vattuchongset.vn\/index.php?rest_route=\/wp\/v2\/product\/2312"}],"collection":[{"href":"https:\/\/vattuchongset.vn\/index.php?rest_route=\/wp\/v2\/product"}],"about":[{"href":"https:\/\/vattuchongset.vn\/index.php?rest_route=\/wp\/v2\/types\/product"}],"replies":[{"embeddable":true,"href":"https:\/\/vattuchongset.vn\/index.php?rest_route=%2Fwp%2Fv2%2Fcomments&post=2312"}],"wp:featuredmedia":[{"embeddable":true,"href":"https:\/\/vattuchongset.vn\/index.php?rest_route=\/wp\/v2\/media\/2313"}],"wp:attachment":[{"href":"https:\/\/vattuchongset.vn\/index.php?rest_route=%2Fwp%2Fv2%2Fmedia&parent=2312"}],"wp:term":[{"taxonomy":"product_cat","embeddable":true,"href":"https:\/\/vattuchongset.vn\/index.php?rest_route=%2Fwp%2Fv2%2Fproduct_cat&post=2312"},{"taxonomy":"product_tag","embeddable":true,"href":"https:\/\/vattuchongset.vn\/index.php?rest_route=%2Fwp%2Fv2%2Fproduct_tag&post=2312"}],"curies":[{"name":"wp","href":"https:\/\/api.w.org\/{rel}","templated":true}]}}